greatest common divisor of 153 and 255.
51
What is the highest common factor of 35 and 40345?
5
Calculate the highest common divisor of 33 and 8943.
33
Calculate the greatest common factor of 6930 and 2655.
45
What is the greatest common divisor of 188 and 22842?
94
Calculate the greatest common factor of 270 and 138150.
90
Calculate the highest common divisor of 855 and 3101655.
285
Calculate the highest common divisor of 51036 and 156.
12
What is the highest common factor of 1903367 and 1202?
601
What is the greatest common divisor of 700604 and 136?
68
What is the greatest common factor of 21489 and 1024860?
1653
What is the highest common divisor of 9370 and 672766?
1874
What is the greatest common divisor of 102869 and 451?
41
What is the greatest common factor of 27 and 30654?
9
Calculate the highest common factor of 89718 and 342.
114
Calculate the greatest common factor of 976547 and 286.
143
Calculate the greatest common divisor of 10044 and 24800.
124
Calculate the highest common divisor of 13027 and 217.
7
What is the highest common factor of 201 and 2675109?
201
What is the greatest common divisor of 214118 and 302?
302
Calculate the greatest common divisor of 667041 and 3.
3
Calculate the greatest common divisor of 2327 and 715.
13
Calculate the highest common divisor of 1344 and 16464.
336
Calculate the greatest common factor of 28 and 10521.
7
What is the highest common divisor of 26732 and 656?
164
Calculate the highest common factor of 136 and 1049716.
68
What is the highest common factor of 40 and 4630?
10
What is the greatest common factor of 452 and 58873?
113
What is the highest common divisor of 67981 and 2041?
157
What is the highest common factor of 4576 and 8800?
352
Calculate the highest common factor of 11354 and 17080.
14
What is the highest common divisor of 2212 and 400688?
316
Calculate the greatest common divisor of 12 and 5034.
6
What is the highest common divisor of 265 and 63?
1
What is the greatest common factor of 123624 and 4343?
101
Calculate the greatest common divisor of 28 and 3997.
7
Calculate the greatest common factor of 39 and 121719.
39
What is the highest common factor of 260 and 1220?
20
Calculate the greatest common factor of 2800 and 311850.
350
Calculate the greatest common divisor of 339 and 24.
3
Calculate the greatest common factor of 46648 and 357.
119
Calculate the highest common factor of 48 and 243608.
8
What is the highest common factor of 2520 and 854784?
504
Calculate the greatest common factor of 804 and 96.
12
What is the highest common divisor of 44 and 488?
4
Calculate the highest common divisor of 231 and 75955.
11
Calculate the greatest common divisor of 354063 and 321.
321
What is the greatest common factor of 1074 and 726382?
358
What is the greatest common factor of 2628 and 6643?
73
What is the highest common divisor of 764366 and 212?
106
Calculate the highest common factor of 6318 and 585.
117
Calculate the highest common factor of 726 and 3561514.
242
Calculate the greatest common factor of 49172 and 532.
76
Calculate the highest common factor of 24820 and 12920.
340
What is the greatest common factor of 19635 and 3318?
21
What is the greatest common factor of 57949 and 668?
167
What is the highest common factor of 2357732 and 364?
52
Calculate the highest common factor of 245 and 2110.
5
Calculate the highest common factor of 5824 and 1547.
91
Calculate the greatest common divisor of 2 and 28190.
2
What is the greatest common divisor of 260395 and 760?
95
What is the highest common factor of 541266 and 139?
139
Calculate the greatest common divisor of 60 and 1373355.
15
Calculate the greatest common divisor of 79544 and 6194.
326
What is the highest common factor of 200768 and 160?
32
Calculate the greatest common factor of 29907950 and 50.
50
Calculate the highest common factor of 25474 and 20054.
542
Calculate the greatest common factor of 3230568 and 297.
99
Calculate the highest common divisor of 6223 and 10094.
49
Calculate the highest common factor of 28997 and 1355.
271
What is the greatest common factor of 15228 and 38164?
188
Calculate the greatest common divisor of 43004 and 5876.
52
What is the greatest common factor of 66194 and 54?
2
Calculate the highest common factor of 95 and 29405.
5
Calculate the greatest common divisor of 32269 and 17986.
529
Calculate the greatest common factor of 499 and 97.
1
What is the greatest common divisor of 364 and 18512?
52
What is the highest common factor of 3036 and 72036?
276
Calculate the highest common factor of 8213 and 1337.
191
What is the highest common divisor of 456 and 351918?
114
What is the greatest common factor of 28 and 828?
4
What is the highest common divisor of 12432 and 3227?
7
Calculate the greatest common factor of 268 and 77988.
268
Calculate the greatest common divisor of 44 and 168608.
44
Calculate the greatest common factor of 68305 and 170.
5
What is the greatest common factor of 205 and 212503?
41
Calculate the highest common divisor of 154 and 476.
14
What is the highest common factor of 1547 and 178857?
119
What is the highest common divisor of 165 and 4803?
3
What is the highest common divisor of 69 and 46?
23
What is the highest common divisor of 269750 and 390?
130
Calculate the highest common factor of 335632 and 528.
176
What is the highest common divisor of 3380026 and 26?
26
What is the highest common factor of 7 and 554722?
7
Calculate the highest common factor of 60 and 235020.
60
Calculate the greatest common factor of 1515 and 139885.
505
Calculate the highest common factor of 2110 and 230834.
422
Calculate the greatest common divisor of 43087 and 110.
11
Calculate the highest common divisor of 169526 and 182.
14
What is the highest common divisor of 141 and 1187596?
47
What is the greatest common divisor of 8859 and 21?
3
Calculate the greatest common divisor of 4656 and 429516.
1164
What is the highest common divisor of 30 and 35382?
6
What is the highest common factor of 9520 and 900?
20
Calculate the highest common factor of 2625 and 1600500.
375
What is the highest common divisor of 189 and 1409751?
189
Calculate the greatest common divisor of 45 and 816555.
15
What is the greatest common divisor of 584 and 463769?
73
What is the highest common factor of 252 and 13993?
7
What is the highest common factor of 14147 and 86?
43
What is the greatest common factor of 59768 and 482?
482
What is the greatest common divisor of 474 and 726?
6
Calculate the greatest common divisor of 14628 and 23850.
318
Calculate the greatest common divisor of 22849 and 4069.
313
What is the highest common divisor of 1000556 and 434?
62
Calculate the greatest common factor of 203 and 168287.
203
What is the greatest common divisor of 2945646 and 58?
58
Calculate the highest common factor of 36 and 2815398.
18
Calculate the highest common factor of 256251 and 32451.
1119
What is the highest common divisor of 69870 and 1130?
10
What is the highest common divisor of 23668 and 7372?
388
Calculate the highest common factor of 50962 and 44322.
166
What is the greatest common divisor of 1224 and 42432?
408
Calculate the highest common divisor of 776 and 9576.
8
What is the greatest common divisor of 282326 and 8118?
902
Calculate the greatest common factor of 177 and 18549.
3
Calculate the highest common divisor of 645268 and 312.
52
What is the highest common factor of 2 and 208311?
1
Calculate the greatest common factor of 240024 and 438.
438
What is the highest common factor of 37679 and 8159?
41
Calculate the greatest common factor of 1445 and 57545.
85
What is the greatest common divisor of 687844 and 3353?
479
Calculate the highest common factor of 1435 and 8405.
205
Calculate the greatest common divisor of 753 and 1942991.
251
What is the highest common factor of 2471 and 63?
7
Calculate the highest common divisor of 8424 and 56268.
108
What is the greatest common divisor of 25235 and 7105?
245
What is the highest common factor of 18564 and 1836?
204
Calculate the greatest common divisor of 2244994 and 1268.
634
Calculate the highest common divisor of 146 and 247908.
146
Calculate the greatest common factor of 3496429 and 467.
467
What is the highest common divisor of 40 and 4350?
10
Calculate the